se 9, what is 22 - 1031?
-1008
In base 12, what is -448 - -14?
-434
In base 13, what is -6 + 12b?
125
In base 16, what is 4e - 3c?
12
In base 4, what is -11320 + 201?
-11113
In base 7, what is 2 + 45?
50
In base 16, what is -31 - 17?
-48
In base 9, what is 1267 - 8?
1258
In base 4, what is -21 - -1013?
332
In base 16, what is 8c5 - 1?
8c4
In base 5, what is -11 - 14?
-30
In base 6, what is -2 - -44?
42
In base 8, what is 20 - -53?
73
In base 14, what is 458c + 5?
4593
In base 15, what is 54 + -1?
53
In base 9, what is 5 + -248?
-243
In base 7, what is 411 - -30?
441
In base 5, what is -3 - 110324?
-110332
In base 16, what is -b8a - -4?
-b86
In base 7, what is 10 - -1250?
1260
In base 2, what is 10 - 1000111?
-1000101
In base 10, what is -647 - 0?
-647
In base 5, what is 124 + -14?
110
In base 16, what is 8 - 1aa?
-1a2
In base 15, what is 5 + 0?
5
In base 2, what is 10101 - -100000?
110101
In base 10, what is 1 + 114?
115
In base 3, what is -210 + -10?
-220
In base 11, what is 944 - -5?
949
In base 15, what is 32 - -4?
36
In base 8, what is 3 + 251?
254
In base 15, what is -3 - 1de?
-1e2
In base 11, what is -58 + -3?
-60
In base 2, what is -1000011100001 + 1?
-1000011100000
In base 5, what is -1 - -341?
340
In base 12, what is -b + -16?
-25
In base 10, what is 6 + 204?
210
In base 10, what is -9 + -31?
-40
In base 9, what is 2555 - -1?
2556
In base 10, what is -955 + 0?
-955
In base 12, what is 0 - -14?
14
In base 12, what is -1 + 7b?
7a
In base 11, what is 4 + 31?
35
In base 16, what is -aa - 0?
-aa
In base 4, what is -20202 - -1?
-20201
In base 4, what is 3 - 33032?
-33023
In base 9, what is 3 + -11?
-7
In base 6, what is 2 + 154?
200
In base 14, what is -1 + 251?
250
In base 16, what is 126f - -3?
1272
In base 4, what is -1232122 + -11?
-1232133
In base 8, what is 4454 + 2?
4456
In base 3, what is -11021 + -212?
-12010
In base 14, what is 6723 + 0?
6723
In base 4, what is 132131 + 3?
132200
In base 3, what is -2211020 - 0?
-2211020
In base 6, what is -522 - -30?
-452
In base 12, what is -9 - -1?
-8
In base 8, what is -3 + -53?
-56
In base 7, what is 3350 - -5?
3355
In base 13, what is 3c - -b?
4a
In base 2, what is -101000000111 - 100?
-101000001011
In base 4, what is -122302 - 2?
-122310
In base 9, what is -153 - 1?
-154
In base 13, what is 606 - -5?
60b
In base 13, what is 1 + -33?
-32
In base 7, what is -10150 + 2?
-10145
In base 8, what is -105 + 4?
-101
In base 14, what is 0 + 1b6d?
1b6d
In base 15, what is 0 + 44?
44
In base 12, what is 1 + a?
b
In base 11, what is 40 - -2?
42
In base 2, what is -11 - -10100110?
10100011
In base 14, what is 3 + -32?
-2d
In base 14, what is 5 + -25?
-20
In base 8, what is -57 - 2?
-61
In base 11, what is -79 + 63?
-16
In base 10, what is -4 + -732?
-736
In base 2, what is 11 - 10011100?
-10011001
In base 4, what is -102230 - 11?
-102301
In base 9, what is -7213 - -1?
-7212
In base 11, what is 2 - 197?
-195
In base 13, what is -110 + 14?
-c9
In base 13, what is -19 - 3?
-1c
In base 11, what is 110 + 3?
113
In base 5, what is -244 + 4?
-240
In base 4, what is -33013 + -1?
-33020
In base 16, what is b + -2b?
-20
In base 16, what is 4 - 3?
1
In base 16, what is 4 - -34?
38
In base 12, what is -685 - -4?
-681
In base 5, what is -10 - -12034?
12024
In base 11, what is 7 + 4?
10
In base 7, what is 12265 - 4?
12261
In base 13, what is 3 + -138?
-135
In base 16, what is -204 + -4?
-208
In base 5, what is -34 + 104?
20
In base 7, what is 1 - 11?
-10
In base 2, what is -1001100 + -110?
-1010010
In base 13, what is 3b24 - -1?
3b25
In base 13, what is -365 - -1?
-364
In base 5, what is 2424 - 3?
2421
In base 13, what is 26 + -108?
-b2
In base 10, what is 2 + 1608?
1610
In base 6, what is 22 - 143?
-121
In base 9, what is 52 - -304?
356
In base 12, what is 3b - 2a?
11
In base 6, what is -2 - -424?
422
In base 10, what is 660 + -3?
657
In base 2, what is 100111 - -10101110?
11010101
In base 9, what is 8 - -150?
158
In base 10, what is -59 + 2?
-57
In base 13, what is 11ac + -1?
11ab
In base 5, what is 1341 - 0?
1341
In base 9, what is -202 - -1?
-201
In base 14, what is -15c0 + -5?
-15c5
In base 2, what is 1 + -110000?
-101111
In base 13, what is 445 - 1?
444
In base 16, what is ee7 - -1?
ee8
In base 13, what is 13 - -3?
16
In base 15, what is 4 + -3a?
-36
In base 6, what is 1 - 4?
-3
In base 6, what is 12055 + 12?
12111
In base 11, what is 4 + -3121?
-3118
In base 12, what is 1b0 + 3?
1b3
In base 15, what is 2 + -82?
-80
In base 5, what is -34 - 22?
-111
In base 11, what is -27013 - 0?
-27013
In base 13, what is -56 + -1?
-57
In base 7, what is -44 - 0?
-44
In base 16, what is 4c + -11?
3b
In base 9, what is -2484 + 1?
-2483
In base 14, what is 2d + -7?
26
In base 11, what is 3 - 558?
-555
In base 9, what is -5 - 5150?
-5155
In base 7, what is -601 + 0?
-601
In base 11, what is -89 - 2?
-90
In base 2, what is 0 - -11000111?
11000111
In base 13, what is -11b - 1?
-11c
In base 11, what is -12 + 13?
1
In base 9, what is -34 + -150?
-184
In base 12, what is 200 + -3?
1b9
In base 12, what is -24a1 + 1?
-24a0
In base 7, what is -3 - -206?
203
In base 4, what is -32 + -222?
-320
In base 8, what is -7 - -4111?
4102
In base 7, what is -62 + 13?
-46
In base 9, what is -7214 + 1?
-7213
In base 2, what is 11 + -100110110?
-100110011
In base 5, what is -1341 + -1?
-1342
In base 12, what is 24 + -53?
-2b
In base 7, what is -3 + 4461?
4455
In base 8, what is -31750 + -4?
-31754
In base 8, what is 2230 - -1?
2231
In base 15, what is 579 - -5?
57e
In base 9, what is -1 - 335?
-336
In base 7, what is -5 + -3553?
-3561
In base 15, what is 43 + -85?
-42
In base 6, what is 20414 - -5?
20423
In base 13, what is -104 + -5?
-109
In base 8, what is -33 - 4?
-37
In base 3, what is -2111 - 11021?
-20202
In base 6, what is 215423 - -4?
215431
In base 3, what is -2102 - 210?
-10012
In base 15, what is 11 + 4?
15
In base 10, what is 2 - -310?
312
In base 11, what is -13a + 2?
-138
In base 5, what is 0 - -2001?
2001
In base 12, what is 3 - -234?
237
In base 2, what is -1110110100 - 111?
-1110111011
In base 2, what is 100001100100 + 1?
100001100101
In base 12, what is -11 + 10a?
b9
In base 5, what is -13 + -23200?
-23213
In base 4, what is 12311 + -11?
12300
In base 2, what is 1000111000 - 101?
1000110011
In base 2, what is 111000 - -1001?
1000001
In base 14, what is 78a + -5?
785
In base 4, what is 21 - -103?
130
In base 10, what is 108 - 40?
68
In base 13, what is -11c + a6?
-46
In base 5, what is -20 - 203?
-223
In base 16, what is 488 - -2?
48a
In base 15, what is -6 - -11?
a
In base 3, what is 1011 + 111?
1122
In base 10, what is -5 - 1135?
-1140
In base 10, what is -28 - -1?
-27
In base 8, what is -4 - 424?
-430
In base 14, what is 5 + 1?
6
In base 14, what is -18 + -10?
-28
In base 7, what is 0 - 231?
-231
In base 14, what is 5 + -23c4?
-23bd
In base 13, what is -4b + -8?
-56
In base 13, what is 1237 + -1?
1236
In base 2, what is 10 + 11011?
11101
In base 3, what is -2 - -1110?
1101
In base 13, what is 3 + -1cb3?
-1cb0
In base 16, what is -5 - -20?
1b
In base 13, what is 7 - -21?
28
In base 9, what is 480 + 68?
558
In base 7, what is -305 - -34?
-241
In base 15, what is -10 + -3c?
-4c
In base 8, what is 3453 + -2?
3451
In base 2, what is -101 + -10010011111?
-10010100100
In base 10, what is -1 + -5787?
-5788
In base 5, what is 14 + -201?
-132
In base 5, what is 202303 + 0?
202303
In base 13, what is 2 + 39?
3b
In base 13, what is -3 - 1a?
-20
In base 3, what is 11011 + -22?
10212
In base 7, what is 5 + -46?
-41
In base 8, what is -5 - -130?
123
In base 4, what is -2130 - -22?
-2102
In base 8, what is -5 + 422?
415
In base 6, what is -3 - 2?
-5
In base 7, what is 124 - -14?
141
In base 13, what is -34 - -6?
-2b
In base 13, what is -123 + 54?
-9c
In base 3, what is 1121122 - -2?
1121201
In base 8, what is 1234 - -5?
1241
In base 6, what is -3 + 1415?
1412
In base 9, what is 176 + 5?
182
In base 14, what is 72 - 1?
71
In base 14, what is 242 - -4?
246
In base 12, what is -316 - -6?
-310
In base 5, what is 2 - 14232?
-14230
In base 6, what is 22 - 1201?
-1135
In base 16, what is -dc + 2?
-da
In base 12, what is -4 - -a?
6
In base 10, what is 1 + 198?
199
In base 8, what is -11 + 12?
1
In base 3, what is 0 + -10012002?
-10012002
In base 4, w